What is the thousands digit of q?
5
Suppose 4*h + 77 = p, -3 = 2*p + 3. Let g(n) = n**3 + 23*n**2 + 28*n + 34. What is the tens digit of g(h)?
7
Suppose 293512 = 60*b - 1778948. What is the units digit of b?
1
Let d(j) = 2*j**2 + 8*j - 4. Let a be d(5). Let l = 3056 + -3042. Suppose -z + l + a = -5*k, 3*k - 210 = -3*z. What is the tens digit of z?
7
Let f(d) = -124*d + 14. Let b(c) = -41*c + 5. Let a(x) = -8*b(x) + 3*f(x). Let j be a(-5). Suppose -2*g = 4*l - j, -9 = 3*l - 0*l. What is the units digit of g?
7
Let a(d) = -1322 + 631 - 16*d + 580. What is the units digit of a(-22)?
1
Let a = -50 - 426. Let i = a + 521. What is the units digit of i?
5
Let i(u) be the second derivative of -u**5/20 - 13*u**4/12 - 2*u**3 - 11*u**2/2 + 163*u. Let r be 52/16*(-4)/1. What is the tens digit of i(r)?
4
What is the tens digit of 1/(((-103)/(-195597))/((-8)/(-18)))?
4
Suppose 14*o - 85772 - 52305 = -25797. What is the hundreds digit of o?
0
Suppose 4*p = 5*p - 5*a + 1141, -p - 5*a - 1171 = 0. Let j = p - -2011. What is the hundreds digit of j?
8
Suppose -2*h + 4503 = -a, 4*a + 720 + 1528 = h. What is the units digit of h?
2
Let w be (2/3)/(4/(-252)*-7). Suppose 0 = 4*s - w*s + 6. What is the tens digit of 496/(-6)*-3*s/6?
2
Let o(w) = 15*w - 37. Suppose -2*q - 37 = 15. Let z = 33 + q. What is the units digit of o(z)?
8
Let f(n) be the third derivative of -n**5/20 - 11*n**4/12 + 3*n**3/2 - n**2. Let o(z) = -3*z**2 - 21*z + 83. Let s be o(3). What is the units digit of f(s)?
6
Let v(z) = 719*z**3 - 4*z**2 - 41*z + 171. What is the ten thousands digit of v(4)?
4
Suppose -p - 4*h = 4 - 22, -5*p = 3*h - 22. Let y = 747 - 374. Suppose -p*i + 5*z = -y, -5*i - 638 + 1559 = -z. What is the hundreds digit of i?
1
Suppose -4*k + 20 = 4. Suppose 0 = d - 5*t - 1, 5*d = 2*d - k*t + 22. Suppose -d*x = -591 + 111. What is the units digit of x?
0
Let z(p) = -83*p**3 + 4*p**2 + p - 8. Let w(k) = -84*k**3 + 4*k**2 + k - 7. Let y(o) = 6*w(o) - 5*z(o). What is the units digit of y(-1)?
0
Suppose -3 = 3*i - 18. Suppose 3 = 3*j, 0 = -4*o - j - i + 22. What is the units digit of o*14 - (-6 - 54/(-6))?
3
Let f(a) = -727*a + 4972. What is the units digit of f(-61)?
9
Suppose -5*l - 5*w - 5 = 0, 0 = -l - 2*w - 8 + 6. Suppose 24*b = 29*b + 2*t - 1180, b + 2*t - 236 = l. What is the tens digit of b?
3
Suppose -v + 2*n - 7*n + 61048 = 0, n = 2*v - 122030. What is the tens digit of v?
1
Suppose 0 = 5*o + c - 298, -184 = -0*o - 3*o + 2*c. Suppose 0 = l + 4*l - o. Suppose 0*d + d = l. What is the units digit of d?
2
Let w(x) = -4*x**3 + 33*x**2 + 93*x - 97. Let f(b) = -3*b**3 + 33*b**2 + 93*b - 98. Let q(a) = -3*f(a) + 2*w(a). What is the units digit of q(36)?
0
Suppose 10474 = -17*n - 1936. Let t = n - -1384. What is the hundreds digit of t?
6
Suppose -155*y + 55764 = 3*v - 150*y, 0 = -2*v - 5*y + 37181. What is the ten thousands digit of v?
1
Suppose 2*b - 2*s = 19733 + 17605, 3*s = b - 18675. What is the ten thousands digit of b?
1
Let r be (-4 + 1 + 22)/(1/20). What is the tens digit of (15 + -14 - (-1 + -3)) + r?
8
Let p(d) = -d**3 - 12*d**2 - 65*d + 40. What is the hundreds digit of p(-17)?
5
Let k(v) = -2*v**2 - 7*v - 1. Let y be k(-3). Suppose 6*h - 3*d + 500 = h, h + 113 = -y*d. Let w = 31 - h. What is the hundreds digit of w?
1
Let k be (30/9)/(((-8)/6)/(-2)). Suppose -h - h = k*w - 366, 6 = 2*h. Suppose -w = -z + 30. What is the tens digit of z?
0
Let u(k) = -23*k**3 - 5*k**2 - 7*k - 6. Let p be u(-3). Let x = p + -523. What is the tens digit of x?
6
Let h = 2137 - -643. What is the units digit of h?
0
Let b(v) = v**3 - 19*v + 19. Let f be b(4). Let j(d) = -d**2 - 3*d. Let g(m) = m**2 + 2*m. Let s(i) = 3*g(i) + 2*j(i). What is the tens digit of s(f)?
4
Let v(b) = 3*b**3 + 21*b**2 - b - 4. Let l be v(-7). Suppose 2*y - 2189 = -3*d, -l*y - 12 = -24. What is the tens digit of d?
2
Let k = 139 + -145. Let f be (8/(-6))/((-4)/k). What is the tens digit of 1/((f/(-70))/1)?
3
Let q = -23486 - -25373. What is the units digit of q?
7
Suppose 0 = -5*g - u - 535, -4*g + 5*g - 4*u + 86 = 0. Let a = g + 753. What is the hundreds digit of a?
6
Let y = 17254 - 9431. What is the hundreds digit of y?
8
Let p(i) = 1122*i - 1305. What is the hundreds digit of p(3)?
0
Let l(v) = 80*v + 23. Let h be l(-3). Let d = -38 - h. What is the tens digit of d?
7
Let c(b) = 833*b**2 - 73*b - 582. What is the thousands digit of c(-6)?
9
Let f(b) = 8468*b - 1434. What is the units digit of f(3)?
0
Suppose -2*p = -p - 4*s - 179, 0 = 4*p - 3*s - 716. Let o = -53 + p. What is the tens digit of (24/(-9))/((-7)/o)?
4
Let w be 18/(-72) - 882/(-8). Let d = w - 196. Let m = -38 - d. What is the units digit of m?
8
Let w(q) be the second derivative of -7*q**3/6 - 7*q**2/2 - 21*q. Let i be w(0). What is the tens digit of ((-2)/(-7) + (-5)/i)*152?
5
Suppose 0 = -103*f + 96*f - 910. Let r = 1018 + f. What is the tens digit of r?
8
Let i = 55 - 53. Let p be i/(-9) + (-319)/(-261). What is the units digit of 6 - p - (-7 + 10)?
2
Suppose 10292*l - 10312*l = -45700. What is the units digit of l?
5
Suppose 4*h + 3*a - 789 = 0, 5*a - 2*a + 15 = 0. Suppose -11*v - 398 = -13*v + 3*o, v - 2*o = h. What is the tens digit of v?
9
Let z(i) = i**3 + 13*i**2 + 6*i - 46. Let t be z(-11). Suppose -32*o - t = -42*o. What is the units digit of o?
3
Let c(d) = -56*d**3 - d**2 - 12*d - 20. What is the units digit of c(-6)?
2
What is the thousands digit of (-5)/(-2) + (-75528)/(-48)?
1
Let i = 40413 - 23044. What is the thousands digit of i?
7
Let v(c) = 263*c**3 - 1. Let x be v(1). Let p(a) = -43*a - 941. Let k be p(-31). Suppose x = 5*z - 2*j - 251, 3*j = -4*z + k. What is the hundreds digit of z?
1
Let q(i) = 522*i**2 + 36*i - 22. What is the tens digit of q(5)?
0
Suppose 0 = k - 9 - 1. Let s(a) = a**3 - 9*a**2 - 4*a - 8. What is the units digit of s(k)?
2
Let w(j) = 129*j**2 - 14*j + 24. Let v be 102 - 101 - -2*1. What is the hundreds digit of w(v)?
1
Let o(c) = c**2 - 8*c + 4. Let a be o(7). Let b(i) = i**2 + 33*i - 27. Let m be b(-39). What is the tens digit of 7 + m/(-27) + (-113)/a?
3
Let j(k) = -550*k - 1614. What is the units digit of j(-24)?
6
Let m be (1800/(-42))/((-2)/14). Let k = 188 - m. Let c = -26 - k. What is the tens digit of c?
8
Let b(h) be the second derivative of h**4/4 - 5*h**3/2 + 36*h**2 + h + 57. What is the hundreds digit of b(-14)?
8
Suppose 0 = -50*g + 939030 + 562108 + 33862. What is the tens digit of g?
0
Let f(q) = -134*q - 8*q**3 + 9 - 137*q + 273*q - 9*q**2. What is the hundreds digit of f(-4)?
3
Let t be (-16)/6*6/(-4). Let x = 2716 + -2619. Suppose -t*w - x = -s, -w - 241 = -3*s + 72. What is the tens digit of s?
0
Let m = 189 + -198. What is the tens digit of 3 + m/(-6)*448?
7
Suppose 4*r = 3*r - 132. What is the units digit of (r/77)/(4/(-266))?
4
Let b(s) = -s**3 + 32*s**2 - 65*s + 26. Let o be b(29). Let x = o - 160. What is the hundreds digit of x?
5
Suppose k + 1553*p - 1542*p = 20391, -101507 = -5*k + p. What is the units digit of k?
3
Suppose 0 = 2*i - 2*d - 16010, 5*i = 170*d - 173*d + 40025. What is the thousands digit of i?
8
Suppose 5 + 10 = -5*z. Let a be (-1)/2*z*(-8)/(-6). Suppose 142 = f + 3*q, 0*f + 4*f = -a*q + 568. What is the hundreds digit of f?
1
What is the tens digit of ((-154)/21 + 8)*(4 + -1 + 34074)?
1
Let d(r) = -9*r - 44. Let h(b) = 2*b + 9. Let c(o) = 4*d(o) + 22*h(o). Let s be c(7). Let y = -76 + s. What is the units digit of y?
2
Suppose 289974 = -1402*l + 1433*l. What is the hundreds digit of l?
3
Let l(b) = -42*b - 8. Let g(y) = -87*y - 16. Let c(u) = 3*g(u) - 5*l(u). What is the tens digit of c(-3)?
4
Let b be -2*((-10)/4 + 1). Let q = 4786 + -4779. What is the tens digit of (b - q) + (0 - -47)?
4
Let t = 2 - -3. Suppose -4*g = 2*z + 3*z - 1873, 2*z - t*g = 769. What is the tens digit of z?
7
Let r(k) be the first derivative of -k**3/3 + 5*k**2/2 - 2*k - 12. Let j be r(2). Suppose j - 146 = -x. What is the units digit of x?
2
Suppose -4*d - 16*d = 17*d - 366596. What is the tens digit of d?
0
Let l(k) = 11*k**2 - 198*k + 13068. What is the ten thousands digit of l(53)?
3
Let i(k) = k**2 + 13*k + 1. Let c be -46*4/(-8) + 1. Let d = c - 41. What is the units digit of i(d)?
9
Suppose -3*k = -2*z + 260, -k + 8 = 3*k. Let f(y) = 171*y - 400. Let i be f(3). Suppose -6*p +